[INFO] fetching crate susyp2p-mplex 0.7.0...
[INFO] checking susyp2p-mplex-0.7.0 against master#cfbc6d4cf1acbac5c025acf8ed68929caa551df3 for pr-75494-beta
[INFO] extracting crate susyp2p-mplex 0.7.0 into /workspace/builds/worker-7/source
[INFO] validating manifest of crates.io crate susyp2p-mplex 0.7.0 on toolchain cfbc6d4cf1acbac5c025acf8ed68929caa551df3
[INFO] running `Command { std: "/workspace/cargo-home/bin/cargo" "+cfbc6d4cf1acbac5c025acf8ed68929caa551df3" "read-manifest" "--manifest-path" "Cargo.toml", kill_on_drop: false }`
[INFO] started tweaking crates.io crate susyp2p-mplex 0.7.0
[INFO] finished tweaking crates.io crate susyp2p-mplex 0.7.0
[INFO] tweaked toml for crates.io crate susyp2p-mplex 0.7.0 written to /workspace/builds/worker-7/source/Cargo.toml
[INFO] running `Command { std: "/workspace/cargo-home/bin/cargo" "+cfbc6d4cf1acbac5c025acf8ed68929caa551df3" "generate-lockfile" "--manifest-path" "Cargo.toml" "-Zno-index-update", kill_on_drop: false }`
[INFO] running `Command { std: "/workspace/cargo-home/bin/cargo" "+cfbc6d4cf1acbac5c025acf8ed68929caa551df3" "fetch" "--locked" "--manifest-path" "Cargo.toml", kill_on_drop: false }`
[INFO] running `Command { std: "docker" "create" "-v" "/var/lib/crater-agent-workspace/builds/worker-7/target:/opt/rustwide/target:rw,Z" "-v" "/var/lib/crater-agent-workspace/builds/worker-7/source:/opt/rustwide/workdir:ro,Z" "-v" "/var/lib/crater-agent-workspace/cargo-home:/opt/rustwide/cargo-home:ro,Z" "-v" "/var/lib/crater-agent-workspace/rustup-home:/opt/rustwide/rustup-home:ro,Z" "-e" "SOURCE_DIR=/opt/rustwide/workdir" "-e" "CARGO_TARGET_DIR=/opt/rustwide/target" "-e" "CARGO_HOME=/opt/rustwide/cargo-home" "-e" "RUSTUP_HOME=/opt/rustwide/rustup-home" "-w" "/opt/rustwide/workdir" "-m" "1610612736" "--user" "0:0" "--network" "none" "rustops/crates-build-env@sha256:a636fd89d022f18117e1dc8fb37a0a009933cdbbe082814857f0e2024962d47c" "/opt/rustwide/cargo-home/bin/cargo" "+cfbc6d4cf1acbac5c025acf8ed68929caa551df3" "metadata" "--no-deps" "--format-version=1", kill_on_drop: false }`
[INFO] [stdout] 002ac1965046a97b5b801f44e0565034dce86a2ca2c5532366306031537104e2
[INFO] [stderr] WARNING: Your kernel does not support swap limit capabilities or the cgroup is not mounted. Memory limited without swap.
[INFO] running `Command { std: "docker" "start" "-a" "002ac1965046a97b5b801f44e0565034dce86a2ca2c5532366306031537104e2", kill_on_drop: false }`
[INFO] running `Command { std: "docker" "inspect" "002ac1965046a97b5b801f44e0565034dce86a2ca2c5532366306031537104e2", kill_on_drop: false }`
[INFO] running `Command { std: "docker" "rm" "-f" "002ac1965046a97b5b801f44e0565034dce86a2ca2c5532366306031537104e2", kill_on_drop: false }`
[INFO] [stdout] 002ac1965046a97b5b801f44e0565034dce86a2ca2c5532366306031537104e2
[INFO] running `Command { std: "docker" "create" "-v" "/var/lib/crater-agent-workspace/builds/worker-7/target:/opt/rustwide/target:rw,Z" "-v" "/var/lib/crater-agent-workspace/builds/worker-7/source:/opt/rustwide/workdir:ro,Z" "-v" "/var/lib/crater-agent-workspace/cargo-home:/opt/rustwide/cargo-home:ro,Z" "-v" "/var/lib/crater-agent-workspace/rustup-home:/opt/rustwide/rustup-home:ro,Z" "-e" "SOURCE_DIR=/opt/rustwide/workdir" "-e" "CARGO_TARGET_DIR=/opt/rustwide/target" "-e" "CARGO_INCREMENTAL=0" "-e" "RUST_BACKTRACE=full" "-e" "RUSTFLAGS=--cap-lints=forbid" "-e" "CARGO_HOME=/opt/rustwide/cargo-home" "-e" "RUSTUP_HOME=/opt/rustwide/rustup-home" "-w" "/opt/rustwide/workdir" "-m" "1610612736" "--user" "0:0" "--network" "none" "rustops/crates-build-env@sha256:a636fd89d022f18117e1dc8fb37a0a009933cdbbe082814857f0e2024962d47c" "/opt/rustwide/cargo-home/bin/cargo" "+cfbc6d4cf1acbac5c025acf8ed68929caa551df3" "check" "--frozen" "--all" "--all-targets" "--message-format=json", kill_on_drop: false }`
[INFO] [stdout] 82788c77727f6196b01a6e09314cacb724428962125e2f72604388e5a2619041
[INFO] [stderr] WARNING: Your kernel does not support swap limit capabilities or the cgroup is not mounted. Memory limited without swap.
[INFO] running `Command { std: "docker" "start" "-a" "82788c77727f6196b01a6e09314cacb724428962125e2f72604388e5a2619041", kill_on_drop: false }`
[INFO] [stderr]     Checking get_if_addrs v0.5.3
[INFO] [stderr]     Checking rand v0.7.3
[INFO] [stderr]     Checking tk-listen v0.2.1
[INFO] [stderr]     Checking ed25519-dalek v1.0.0
[INFO] [stderr]     Checking susyp2p-core v0.7.0
[INFO] [stdout] error[E0277]: the trait bound `rand::prelude::ThreadRng: rand_core::CryptoRng` is not satisfied
[INFO] [stdout]    --> /opt/rustwide/cargo-home/registry/src/github.com-1ecc6299db9ec823/susyp2p-core-0.7.0/src/identity/ed25519.rs:34:44
[INFO] [stdout]     |
[INFO] [stdout] 34  |         Keypair(ed25519::Keypair::generate(&mut rand::thread_rng()))
[INFO] [stdout]     |                                            ^^^^^^^^^^^^^^^^^^^^^^^ the trait `rand_core::CryptoRng` is not implemented for `rand::prelude::ThreadRng`
[INFO] [stdout]     | 
[INFO] [stdout]    ::: /opt/rustwide/cargo-home/registry/src/github.com-1ecc6299db9ec823/ed25519-dalek-1.0.0/src/keypair.rs:130:12
[INFO] [stdout]     |
[INFO] [stdout] 130 |         R: CryptoRng + RngCore,
[INFO] [stdout]     |            --------- required by this bound in `ed25519_dalek::Keypair::generate`
[INFO] [stdout] 
[INFO] [stdout] 
[INFO] [stdout] error[E0277]: the trait bound `rand::prelude::ThreadRng: rand_core::RngCore` is not satisfied
[INFO] [stdout]    --> /opt/rustwide/cargo-home/registry/src/github.com-1ecc6299db9ec823/susyp2p-core-0.7.0/src/identity/ed25519.rs:34:44
[INFO] [stdout]     |
[INFO] [stdout] 34  |         Keypair(ed25519::Keypair::generate(&mut rand::thread_rng()))
[INFO] [stdout]     |                                            ^^^^^^^^^^^^^^^^^^^^^^^ the trait `rand_core::RngCore` is not implemented for `rand::prelude::ThreadRng`
[INFO] [stdout]     | 
[INFO] [stdout]    ::: /opt/rustwide/cargo-home/registry/src/github.com-1ecc6299db9ec823/ed25519-dalek-1.0.0/src/keypair.rs:130:24
[INFO] [stdout]     |
[INFO] [stdout] 130 |         R: CryptoRng + RngCore,
[INFO] [stdout]     |                        ------- required by this bound in `ed25519_dalek::Keypair::generate`
[INFO] [stdout] 
[INFO] [stdout] 
[INFO] [stdout] error[E0599]: no method named `sign` found for struct `ed25519_dalek::Keypair` in the current scope
[INFO] [stdout]   --> /opt/rustwide/cargo-home/registry/src/github.com-1ecc6299db9ec823/susyp2p-core-0.7.0/src/identity/ed25519.rs:54:16
[INFO] [stdout]    |
[INFO] [stdout] 54 |         self.0.sign(msg).to_bytes().to_vec()
[INFO] [stdout]    |                ^^^^ method not found in `ed25519_dalek::Keypair`
[INFO] [stdout]    |
[INFO] [stdout]    = help: items from traits can only be used if the trait is in scope
[INFO] [stdout]    = note: the following trait is implemented but not in scope; perhaps add a `use` for it:
[INFO] [stdout]            `use ed25519_dalek::Signer;`
[INFO] [stdout] 
[INFO] [stdout] 
[INFO] [stdout] error[E0599]: no function or associated item named `from_bytes` found for struct `ed25519_dalek::Signature` in the current scope
[INFO] [stdout]    --> /opt/rustwide/cargo-home/registry/src/github.com-1ecc6299db9ec823/susyp2p-core-0.7.0/src/identity/ed25519.rs:103:29
[INFO] [stdout]     |
[INFO] [stdout] 103 |         ed25519::Signature::from_bytes(sig).map(|s| self.0.verify(msg, &s)).is_ok()
[INFO] [stdout]     |                             ^^^^^^^^^^
[INFO] [stdout]     |                             |
[INFO] [stdout]     |                             function or associated item not found in `ed25519_dalek::Signature`
[INFO] [stdout]     |                             help: there is an associated function with a similar name: `to_bytes`
[INFO] [stdout]     |
[INFO] [stdout]     = help: items from traits can only be used if the trait is in scope
[INFO] [stdout]     = note: the following trait is implemented but not in scope; perhaps add a `use` for it:
[INFO] [stdout]             `use ed25519_dalek::ed25519::signature::Signature;`
[INFO] [stdout] 
[INFO] [stdout] 
[INFO] [stdout] error[E0599]: no method named `verify` found for struct `ed25519_dalek::PublicKey` in the current scope
[INFO] [stdout]    --> /opt/rustwide/cargo-home/registry/src/github.com-1ecc6299db9ec823/susyp2p-core-0.7.0/src/identity/ed25519.rs:103:60
[INFO] [stdout]     |
[INFO] [stdout] 103 |         ed25519::Signature::from_bytes(sig).map(|s| self.0.verify(msg, &s)).is_ok()
[INFO] [stdout]     |                                                            ^^^^^^ method not found in `ed25519_dalek::PublicKey`
[INFO] [stdout]     |
[INFO] [stdout]     = help: items from traits can only be used if the trait is in scope
[INFO] [stdout]     = note: the following trait is implemented but not in scope; perhaps add a `use` for it:
[INFO] [stdout]             `use ed25519_dalek::Verifier;`
[INFO] [stdout] 
[INFO] [stdout] 
[INFO] [stdout] error[E0277]: the trait bound `rand::prelude::ThreadRng: rand_core::CryptoRng` is not satisfied
[INFO] [stdout]    --> /opt/rustwide/cargo-home/registry/src/github.com-1ecc6299db9ec823/susyp2p-core-0.7.0/src/identity/ed25519.rs:141:48
[INFO] [stdout]     |
[INFO] [stdout] 141 |         SecretKey(ed25519::SecretKey::generate(&mut rand::thread_rng()))
[INFO] [stdout]     |                                                ^^^^^^^^^^^^^^^^^^^^^^^ the trait `rand_core::CryptoRng` is not implemented for `rand::prelude::ThreadRng`
[INFO] [stdout]     | 
[INFO] [stdout]    ::: /opt/rustwide/cargo-home/registry/src/github.com-1ecc6299db9ec823/ed25519-dalek-1.0.0/src/secret.rs:169:12
[INFO] [stdout]     |
[INFO] [stdout] 169 |         T: CryptoRng + RngCore,
[INFO] [stdout]     |            --------- required by this bound in `ed25519_dalek::SecretKey::generate`
[INFO] [stdout] 
[INFO] [stdout] 
[INFO] [stdout] error[E0277]: the trait bound `rand::prelude::ThreadRng: rand_core::RngCore` is not satisfied
[INFO] [stdout]    --> /opt/rustwide/cargo-home/registry/src/github.com-1ecc6299db9ec823/susyp2p-core-0.7.0/src/identity/ed25519.rs:141:48
[INFO] [stdout]     |
[INFO] [stdout] 141 |         SecretKey(ed25519::SecretKey::generate(&mut rand::thread_rng()))
[INFO] [stdout]     |                                                ^^^^^^^^^^^^^^^^^^^^^^^ the trait `rand_core::RngCore` is not implemented for `rand::prelude::ThreadRng`
[INFO] [stdout]     | 
[INFO] [stdout]    ::: /opt/rustwide/cargo-home/registry/src/github.com-1ecc6299db9ec823/ed25519-dalek-1.0.0/src/secret.rs:169:24
[INFO] [stdout]     |
[INFO] [stdout] 169 |         T: CryptoRng + RngCore,
[INFO] [stdout]     |                        ------- required by this bound in `ed25519_dalek::SecretKey::generate`
[INFO] [stdout] 
[INFO] [stdout] 
[INFO] [stdout] error: aborting due to 7 previous errors
[INFO] [stdout] 
[INFO] [stdout] 
[INFO] [stdout] Some errors have detailed explanations: E0277, E0599.
[INFO] [stdout] 
[INFO] [stdout] For more information about an error, try `rustc --explain E0277`.
[INFO] [stdout] 
[INFO] [stderr] error: could not compile `susyp2p-core`.
[INFO] [stderr] 
[INFO] [stderr] To learn more, run the command again with --verbose.
[INFO] running `Command { std: "docker" "inspect" "82788c77727f6196b01a6e09314cacb724428962125e2f72604388e5a2619041", kill_on_drop: false }`
[INFO] running `Command { std: "docker" "rm" "-f" "82788c77727f6196b01a6e09314cacb724428962125e2f72604388e5a2619041", kill_on_drop: false }`
[INFO] [stdout] 82788c77727f6196b01a6e09314cacb724428962125e2f72604388e5a2619041
